{"id":48,"date":"2018-01-07T18:51:31","date_gmt":"2018-01-07T17:51:31","guid":{"rendered":"http:\/\/api-green.com\/?page_id=48"},"modified":"2024-01-17T15:12:59","modified_gmt":"2024-01-17T14:12:59","slug":"a-propos-de","status":"publish","type":"page","link":"https:\/\/api-green.com\/index.php\/a-propos-de\/","title":{"rendered":"Le projet Api-green"},"content":{"rendered":"<p>[et_pb_section fb_built=\u00a0\u00bb1&Prime; _builder_version=\u00a0\u00bb4.16&Prime; custom_padding=\u00a0\u00bb0px|0px|42.8667px|0px\u00a0\u00bb global_colors_info=\u00a0\u00bb{}\u00a0\u00bb][et_pb_row module_class=\u00a0\u00bb et_pb_row_fullwidth\u00a0\u00bb _builder_version=\u00a0\u00bb4.16&Prime; background_size=\u00a0\u00bbinitial\u00a0\u00bb background_position=\u00a0\u00bbtop_left\u00a0\u00bb background_repeat=\u00a0\u00bbrepeat\u00a0\u00bb width=\u00a0\u00bb89%\u00a0\u00bb width_tablet=\u00a0\u00bb80%\u00a0\u00bb width_last_edited=\u00a0\u00bbon|desktop\u00a0\u00bb max_width=\u00a0\u00bb89%\u00a0\u00bb max_width_tablet=\u00a0\u00bb80%\u00a0\u00bb max_width_last_edited=\u00a0\u00bbon|desktop\u00a0\u00bb custom_margin=\u00a0\u00bb|||\u00a0\u00bb custom_padding=\u00a0\u00bb0px|0px|21.4333px|0px\u00a0\u00bb make_fullwidth=\u00a0\u00bbon\u00a0\u00bb global_colors_info=\u00a0\u00bb{}\u00a0\u00bb width_phone=\u00a0\u00bb80%\u00a0\u00bb max_width_phone=\u00a0\u00bb80%\u00a0\u00bb][et_pb_column type=\u00a0\u00bb4_4&Prime; _builder_version=\u00a0\u00bb4.16&Prime; custom_padding=\u00a0\u00bb|||\u00a0\u00bb global_colors_info=\u00a0\u00bb{}\u00a0\u00bb custom_padding__hover=\u00a0\u00bb|||\u00a0\u00bb][et_pb_image src=\u00a0\u00bbhttps:\/\/api-green.com\/wp-content\/uploads\/2024\/01\/Mathieu-Wijnen-Apiculteur-2.jpg\u00a0\u00bb align=\u00a0\u00bbcenter\u00a0\u00bb align_tablet=\u00a0\u00bbcenter\u00a0\u00bb align_last_edited=\u00a0\u00bbon|desktop\u00a0\u00bb _builder_version=\u00a0\u00bb4.23.2&Prime; max_width=\u00a0\u00bb46%\u00a0\u00bb custom_margin=\u00a0\u00bb20px|||\u00a0\u00bb hover_enabled=\u00a0\u00bb0&Prime; global_colors_info=\u00a0\u00bb{}\u00a0\u00bb custom_padding=\u00a0\u00bb|||0px||\u00a0\u00bb sticky_enabled=\u00a0\u00bb0&Prime; title_text=\u00a0\u00bbMathieu-Wijnen-Apiculteur\u00a0\u00bb align_phone=\u00a0\u00bbcenter\u00a0\u00bb][\/et_pb_image][et_pb_text _builder_version=\u00a0\u00bb4.16&Prime; global_colors_info=\u00a0\u00bb{}\u00a0\u00bb]<\/p>\n<h2 style=\"text-align: center;\" align=\"justify\">Un projet environnemental et solidaire<\/h2>\n<p align=\"justify\">Apigreen est n\u00e9e d\u2019une volont\u00e9 d \u2018\u0153uvrer en faveur de la nature en favorisant le d\u00e9veloppement des abeilles domestiques, des pollinisateurs et de leurs \u00e9cosyst\u00e8mes&#8230; notre environnement.<\/p>\n<p align=\"justify\">Les abeilles sauvages et domestiques contribuent \u00e0 la pollinisation de 80% des esp\u00e8ces de plantes \u00e0 fleurs. Une grande part de nos ressources alimentaires d\u00e9pend de ces pollinisateurs. Elles contribuent \u00e0 la pollinisation d\u2019une majorit\u00e9 d\u2019esp\u00e8ces de plantes \u00e0 fleurs que l\u2019on cultive pour leur graine (colza, tournesol, sarrasin), leur fruit (pomme, poire, kiwi, melon), leur racine ou leur bulbe (carotte, radis, oignon), leur feuillage (chou, salade). Elles jouent donc un r\u00f4le primordiale dans la biodiversit\u00e9 et dans la survie des \u00eatres vivants.<\/p>\n<p align=\"justify\">Depuis le milieu des ann\u00e9es 1990, les populations d\u2019abeilles sauvages et domestiques diminuent fortement. Ce ph\u00e9nom\u00e8ne de mortalit\u00e9 touche la France, d\u2019autres pays d\u2019Europe, l\u2019Am\u00e9rique du Nord et l\u2019Asie. L\u2019utilisation intensive des produits phytosanitaires favorisant les infections parasitaires (varroas), la pollution, et l &lsquo;apparition d&rsquo;un nouveau pr\u00e9dateur le frelon asiatique sont, selon plusieurs \u00e9tudes scientifiques, responsables de la disparition des colonies d&rsquo;abeilles, des pollinisateurs et des insectes en g\u00e9n\u00e9ral.<\/p>\n<p align=\"justify\">Ces facteurs de mortalit\u00e9 mettent en danger les abeilles non seulement en tant que pollinisateur mais \u00e9galement en tant que producteur de miel ce qui occasionne une perte \u00e9conomique de grande ampleur. Beaucoup d\u2019apiculteurs perdent leurs colonies et n\u2019arrivent plus \u00e0 se r\u00e9mun\u00e9rer gr\u00e2ce \u00e0 la production de miel.<\/p>\n<p align=\"justify\">A cette perte \u00e9conomique s&rsquo;ajoute un d\u00e9sastre \u00e9cologique puisque les abeilles domestiques s\u2019int\u00e8grent dans un ensemble d\u2019\u00e9cosyst\u00e8mes qui interagissent entre eux.<\/p>\n<p align=\"justify\">Pour prot\u00e9ger et donner une chance de survie suppl\u00e9mentaire aux abeilles domestiques, il semble n\u00e9cessaire d&rsquo;agir \u00e0 son \u00e9chelle de multiplier localement de petites colonies. C\u2019est pourquoi est n\u00e9e Apigreen qui permet de sauvegarder l\u2019abeille domestique sans d\u00e9pendre de la production de miel pour r\u00e9mun\u00e9rer notre travail d\u2019apiculteur. Parce que l\u2019abeille domestique n\u2019est pas le seul pollinisateur essentiels \u00e0 nos cultures et au maintien de nos \u00e9cosyst\u00e8mes nous d\u00e9velopperons nos projets vers le maintien de nos insectes dans des \u00e9cosyst\u00e8mes propices \u00e0 leur d\u00e9veloppement.<\/p>\n<p align=\"justify\">La sensibilisation des enfants et des adultes \u00e0 la protection de l\u2019environnement via l\u2019abeille domestique suit cet objectif.<\/p>\n<p>[\/et_pb_text][\/et_pb_column][\/et_pb_row][\/et_pb_section]<\/p>\n","protected":false},"excerpt":{"rendered":"<p>Un projet environnemental et solidaire Apigreen est n\u00e9e d\u2019une volont\u00e9 d \u2018\u0153uvrer en faveur de la nature en favorisant le d\u00e9veloppement des abeilles domestiques, des pollinisateurs et de leurs \u00e9cosyst\u00e8mes&#8230; notre environnement. Les abeilles sauvages et domestiques contribuent \u00e0 la pollinisation de 80% des esp\u00e8ces de plantes \u00e0 fleurs. Une grande part de nos ressources [&hellip;]<\/p>\n","protected":false},"author":1,"featured_media":96,"parent":0,"menu_order":0,"comment_status":"closed","ping_status":"closed","template":"","meta":{"_et_pb_use_builder":"on","_et_pb_old_content":"<p align=\"justify\">Un projet environnemental et solidaire<\/p><p align=\"justify\">Api-green est n\u00e9e d\u2019une volont\u00e9 d \u2018\u0153uvrer en faveur de la nature en favorisant le d\u00e9veloppement des abeilles domestiques, des pollinisateurs et de leurs \u00e9cosyst\u00e8mes... notre environnement.<\/p><p align=\"justify\">La sensibilisation des enfants et des adultes \u00e0 la protection de l\u2019environnement via l\u2019abeille domestique suit cet objectif.<\/p>","_et_gb_content_width":"","footnotes":""},"class_list":["post-48","page","type-page","status-publish","has-post-thumbnail","hentry"],"yoast_head":"<!-- This site is optimized with the Yoast SEO plugin v25.4 - https:\/\/yoast.com\/wordpress\/plugins\/seo\/ -->\n<title>Le projet Api-green - Api-green<\/title>\n<meta name=\"robots\" content=\"index, follow, max-snippet:-1, max-image-preview:large, max-video-preview:-1\" \/>\n<link rel=\"canonical\" href=\"https:\/\/api-green.com\/index.php\/a-propos-de\/\" \/>\n<meta property=\"og:locale\" content=\"fr_FR\" \/>\n<meta property=\"og:type\" content=\"article\" \/>\n<meta property=\"og:title\" content=\"Le projet Api-green - Api-green\" \/>\n<meta property=\"og:description\" content=\"Un projet environnemental et solidaire Apigreen est n\u00e9e d\u2019une volont\u00e9 d \u2018\u0153uvrer en faveur de la nature en favorisant le d\u00e9veloppement des abeilles domestiques, des pollinisateurs et de leurs \u00e9cosyst\u00e8mes... notre environnement. Les abeilles sauvages et domestiques contribuent \u00e0 la pollinisation de 80% des esp\u00e8ces de plantes \u00e0 fleurs. Une grande part de nos ressources [&hellip;]\" \/>\n<meta property=\"og:url\" content=\"https:\/\/api-green.com\/index.php\/a-propos-de\/\" \/>\n<meta property=\"og:site_name\" content=\"Api-green\" \/>\n<meta property=\"article:modified_time\" content=\"2024-01-17T14:12:59+00:00\" \/>\n<meta property=\"og:image\" content=\"https:\/\/api-green.com\/wp-content\/uploads\/2018\/01\/bebe-fleurs-2.jpg\" \/>\n\t<meta property=\"og:image:width\" content=\"2133\" \/>\n\t<meta property=\"og:image:height\" content=\"1200\" \/>\n\t<meta property=\"og:image:type\" content=\"image\/jpeg\" \/>\n<meta name=\"twitter:card\" content=\"summary_large_image\" \/>\n<meta name=\"twitter:label1\" content=\"Dur\u00e9e de lecture estim\u00e9e\" \/>\n\t<meta name=\"twitter:data1\" content=\"3 minutes\" \/>\n<script type=\"application\/ld+json\" class=\"yoast-schema-graph\">{\"@context\":\"https:\/\/schema.org\",\"@graph\":[{\"@type\":\"WebPage\",\"@id\":\"https:\/\/api-green.com\/index.php\/a-propos-de\/\",\"url\":\"https:\/\/api-green.com\/index.php\/a-propos-de\/\",\"name\":\"Le projet Api-green - Api-green\",\"isPartOf\":{\"@id\":\"https:\/\/api-green.com\/#website\"},\"primaryImageOfPage\":{\"@id\":\"https:\/\/api-green.com\/index.php\/a-propos-de\/#primaryimage\"},\"image\":{\"@id\":\"https:\/\/api-green.com\/index.php\/a-propos-de\/#primaryimage\"},\"thumbnailUrl\":\"https:\/\/api-green.com\/wp-content\/uploads\/2018\/01\/bebe-fleurs-2.jpg\",\"datePublished\":\"2018-01-07T17:51:31+00:00\",\"dateModified\":\"2024-01-17T14:12:59+00:00\",\"breadcrumb\":{\"@id\":\"https:\/\/api-green.com\/index.php\/a-propos-de\/#breadcrumb\"},\"inLanguage\":\"fr-FR\",\"potentialAction\":[{\"@type\":\"ReadAction\",\"target\":[\"https:\/\/api-green.com\/index.php\/a-propos-de\/\"]}]},{\"@type\":\"ImageObject\",\"inLanguage\":\"fr-FR\",\"@id\":\"https:\/\/api-green.com\/index.php\/a-propos-de\/#primaryimage\",\"url\":\"https:\/\/api-green.com\/wp-content\/uploads\/2018\/01\/bebe-fleurs-2.jpg\",\"contentUrl\":\"https:\/\/api-green.com\/wp-content\/uploads\/2018\/01\/bebe-fleurs-2.jpg\",\"width\":2133,\"height\":1200},{\"@type\":\"BreadcrumbList\",\"@id\":\"https:\/\/api-green.com\/index.php\/a-propos-de\/#breadcrumb\",\"itemListElement\":[{\"@type\":\"ListItem\",\"position\":1,\"name\":\"Accueil\",\"item\":\"https:\/\/api-green.com\/\"},{\"@type\":\"ListItem\",\"position\":2,\"name\":\"Le projet Api-green\"}]},{\"@type\":\"WebSite\",\"@id\":\"https:\/\/api-green.com\/#website\",\"url\":\"https:\/\/api-green.com\/\",\"name\":\"Api-green\",\"description\":\"Aidez les abeilles\",\"potentialAction\":[{\"@type\":\"SearchAction\",\"target\":{\"@type\":\"EntryPoint\",\"urlTemplate\":\"https:\/\/api-green.com\/?s={search_term_string}\"},\"query-input\":{\"@type\":\"PropertyValueSpecification\",\"valueRequired\":true,\"valueName\":\"search_term_string\"}}],\"inLanguage\":\"fr-FR\"}]}<\/script>\n<!-- \/ Yoast SEO plugin. -->","yoast_head_json":{"title":"Le projet Api-green - Api-green","robots":{"index":"index","follow":"follow","max-snippet":"max-snippet:-1","max-image-preview":"max-image-preview:large","max-video-preview":"max-video-preview:-1"},"canonical":"https:\/\/api-green.com\/index.php\/a-propos-de\/","og_locale":"fr_FR","og_type":"article","og_title":"Le projet Api-green - Api-green","og_description":"Un projet environnemental et solidaire Apigreen est n\u00e9e d\u2019une volont\u00e9 d \u2018\u0153uvrer en faveur de la nature en favorisant le d\u00e9veloppement des abeilles domestiques, des pollinisateurs et de leurs \u00e9cosyst\u00e8mes... notre environnement. Les abeilles sauvages et domestiques contribuent \u00e0 la pollinisation de 80% des esp\u00e8ces de plantes \u00e0 fleurs. Une grande part de nos ressources [&hellip;]","og_url":"https:\/\/api-green.com\/index.php\/a-propos-de\/","og_site_name":"Api-green","article_modified_time":"2024-01-17T14:12:59+00:00","og_image":[{"width":2133,"height":1200,"url":"https:\/\/api-green.com\/wp-content\/uploads\/2018\/01\/bebe-fleurs-2.jpg","type":"image\/jpeg"}],"twitter_card":"summary_large_image","twitter_misc":{"Dur\u00e9e de lecture estim\u00e9e":"3 minutes"},"schema":{"@context":"https:\/\/schema.org","@graph":[{"@type":"WebPage","@id":"https:\/\/api-green.com\/index.php\/a-propos-de\/","url":"https:\/\/api-green.com\/index.php\/a-propos-de\/","name":"Le projet Api-green - Api-green","isPartOf":{"@id":"https:\/\/api-green.com\/#website"},"primaryImageOfPage":{"@id":"https:\/\/api-green.com\/index.php\/a-propos-de\/#primaryimage"},"image":{"@id":"https:\/\/api-green.com\/index.php\/a-propos-de\/#primaryimage"},"thumbnailUrl":"https:\/\/api-green.com\/wp-content\/uploads\/2018\/01\/bebe-fleurs-2.jpg","datePublished":"2018-01-07T17:51:31+00:00","dateModified":"2024-01-17T14:12:59+00:00","breadcrumb":{"@id":"https:\/\/api-green.com\/index.php\/a-propos-de\/#breadcrumb"},"inLanguage":"fr-FR","potentialAction":[{"@type":"ReadAction","target":["https:\/\/api-green.com\/index.php\/a-propos-de\/"]}]},{"@type":"ImageObject","inLanguage":"fr-FR","@id":"https:\/\/api-green.com\/index.php\/a-propos-de\/#primaryimage","url":"https:\/\/api-green.com\/wp-content\/uploads\/2018\/01\/bebe-fleurs-2.jpg","contentUrl":"https:\/\/api-green.com\/wp-content\/uploads\/2018\/01\/bebe-fleurs-2.jpg","width":2133,"height":1200},{"@type":"BreadcrumbList","@id":"https:\/\/api-green.com\/index.php\/a-propos-de\/#breadcrumb","itemListElement":[{"@type":"ListItem","position":1,"name":"Accueil","item":"https:\/\/api-green.com\/"},{"@type":"ListItem","position":2,"name":"Le projet Api-green"}]},{"@type":"WebSite","@id":"https:\/\/api-green.com\/#website","url":"https:\/\/api-green.com\/","name":"Api-green","description":"Aidez les abeilles","potentialAction":[{"@type":"SearchAction","target":{"@type":"EntryPoint","urlTemplate":"https:\/\/api-green.com\/?s={search_term_string}"},"query-input":{"@type":"PropertyValueSpecification","valueRequired":true,"valueName":"search_term_string"}}],"inLanguage":"fr-FR"}]}},"_links":{"self":[{"href":"https:\/\/api-green.com\/index.php\/wp-json\/wp\/v2\/pages\/48","targetHints":{"allow":["GET"]}}],"collection":[{"href":"https:\/\/api-green.com\/index.php\/wp-json\/wp\/v2\/pages"}],"about":[{"href":"https:\/\/api-green.com\/index.php\/wp-json\/wp\/v2\/types\/page"}],"author":[{"embeddable":true,"href":"https:\/\/api-green.com\/index.php\/wp-json\/wp\/v2\/users\/1"}],"replies":[{"embeddable":true,"href":"https:\/\/api-green.com\/index.php\/wp-json\/wp\/v2\/comments?post=48"}],"version-history":[{"count":18,"href":"https:\/\/api-green.com\/index.php\/wp-json\/wp\/v2\/pages\/48\/revisions"}],"predecessor-version":[{"id":690,"href":"https:\/\/api-green.com\/index.php\/wp-json\/wp\/v2\/pages\/48\/revisions\/690"}],"wp:featuredmedia":[{"embeddable":true,"href":"https:\/\/api-green.com\/index.php\/wp-json\/wp\/v2\/media\/96"}],"wp:attachment":[{"href":"https:\/\/api-green.com\/index.php\/wp-json\/wp\/v2\/media?parent=48"}],"curies":[{"name":"wp","href":"https:\/\/api.w.org\/{rel}","templated":true}]}}